= 4*h. Let c = a + -11. What are the prime factors of c?
2, 3, 7
Let r = -4 - -4. Let h(k) = k**3 - 2. Let z be h(r). List the prime factors of 1 + (z - 6)/(-4).
3
Let k = -27 + 29. Suppose 2*i = -k*b + 212, 4*b - 2*i = 3*b + 106. What are the prime factors of b?
2, 53
Let q = -1097 - -3741. What are the prime factors of q?
2, 661
Let f = 30 + -42. Let w = 12 - f. List the prime factors of w.
2, 3
List the prime factors of 1/(-5*3/(-22170)).
2, 739
Let i = 892 + -576. Let m = 626 - i. What are the prime factors of 2/8 - m/(-8)?
3, 13
Let d be 4/22 - (-126)/154. What are the prime factors of (1/d)/(1584/316 + -5)?
79
Suppose 4*b - 1557 = -5*p, 69*b - p = 66*b + 1163. List the prime factors of b.
2, 97
Let t = -172 + 107. Let z = t + 229. List the prime factors of z.
2, 41
Suppose 9933 = 13*i - 6*i. Suppose 459 - i = -5*n. What are the prime factors of n?
2, 3
Let j(w) = w**2 + 8*w. Let a be j(-8). Let m be 1*(2 + -1 + 3). Suppose m*t = -a*t + 100. What are the prime factors of t?
5
Let o = -208 + 341. What are the prime factors of o?
7, 19
Suppose 0 = -14*t + 143 - 17. Suppose t*r - 190 = -5*y + 4*r, -3 = r. List the prime factors of y.
41
Suppose 3*g + 4*o - 38 = 0, -3*o + 4*o + 1 = 0. List the prime factors of 262/g + 2/14*2.
19
What are the prime factors of (2 + -108)*((-25)/10)/1?
5, 53
Let f(w) = 2*w**2 - 7*w - 2. Let q = -34 + 45. What are the prime factors of f(q)?
163
Suppose 0 = -9*w + 3*w + 432. Let a be ((-5)/15)/(2/(-18)). Suppose a*z - 159 = w. What are the prime factors of z?
7, 11
Suppose -7*z + 11 = -10. Suppose -z*y + 155 = -118. List the prime factors of y.
7, 13
Let u = 2262 + 268. List the prime factors of u.
2, 5, 11, 23
What are the prime factors of 56448/68 + 2/(-17)?
2, 5, 83
Let c(y) = 2*y**2 + 25*y + 39. Let m be c(-17). Suppose -2*g - 2*i = -7*i - m, 0 = 2*g - i - 200. List the prime factors of g.
101
Let k(i) = i**2 - 11*i - 3. Let n be k(11). Let t = 3 + n. Suppose t - 6 = -3*j. List the prime factors of j.
2
Let x(y) = 4*y**3 - 25*y**2 + 5*y - 18. What are the prime factors of x(11)?
2, 73
Suppose -4*n - 4*f = -1016, 11*n + 3*f - 264 = 10*n. List the prime factors of n.
3, 83
Suppose -u - 3*m - 1208 = -6*u, -5*m = 5. List the prime factors of u.
241
Let k = -33 + 33. Suppose 9*u - u - 24 = k. What are the prime factors of u?
3
Suppose s - 4*s + 23 = -4*z, 3*s - 13 = -z. Let q = s - 5. Suppose -5*h + 225 = -3*y + y, q = 3*h + 2*y - 119. List the prime factors of h.
43
Let q(b) = 12*b**2 + 10*b - 62. List the prime factors of q(10).
2, 619
Let m = 236 + -184. List the prime factors of m.
2, 13
Let q(o) = 190*o**2 + 14*o + 50. What are the prime factors of q(-3)?
2, 859
List the prime factors of ((-7556)/(-11))/(94/517).
2, 1889
Let v = -2164 - -3395. What are the prime factors of v?
1231
Suppose 2*d = 13 + 11. Suppose 5*l - 2*u = d, u + 3 = l - 0*l. Suppose -l*h = -5*i - 3*h + 151, 113 = 3*i - 5*h. What are the prime factors of i?
31
Let b be (-2043)/(-81) + (-4)/18. Let t be (4/(-5))/((-10)/b). Suppose 2*i + 3*r = -2, 11 = -t*r + 3. List the prime factors of i.
5
Let h = -128 + 131. Suppose -u - 3*u + 1058 = -h*v, 5*v - 808 = -3*u. What are the prime factors of u?
2, 7, 19
Let z be 34/4 + (-13)/26. List the prime factors of (-78 - z)*1/(-2).
43
Let v(c) = 38*c**2 + 26*c + 143. List the prime factors of v(-8).
3, 263
Suppose -3*h + 8*h = 40. Let z be 132/16 + 6/h. Let u = z - -11. List the prime factors of u.
2, 5
Suppose b = 495*w - 498*w + 2893, 0 = 4*b + 8. What are the prime factors of w?
5, 193
Let i = 4 - 10. Let s be 0 + -1 + (1 - i). Let t = s + 2. List the prime factors of t.
2
Let c(b) = 74*b**2 - 2*b + 2. Let n be 3/((-3)/((-3)/3)). What are the prime factors of c(n)?
2, 37
Let u(m) = -1 + 0*m + 2*m + m + 0. Let x be u(1). List the prime factors of 25/3 - x/6.
2
Suppose 40 = -13*c + 8*c. Let g(r) = r**2 - 17*r - 47. What are the prime factors of g(c)?
3, 17
Let w = -30 + 34. Suppose w*v = 0, 0 = -5*o - 2*v - 3*v + 720. List the prime factors of o.
2, 3
What are the prime factors of (-3240)/(30/(-5)) - 7?
13, 41
Suppose -4*a + 1863 + 4611 = w, 25856 = 4*w - 4*a. List the prime factors of w.
2, 53, 61
Let p = 1283 - -253. What are the prime factors of p?
2, 3
Let f(i) = -9*i**3 + 65*i**2 + 4*i - 16. List the prime factors of f(7).
2, 5, 11
Let f(n) = -n**2 - 14*n - 24. Let s be f(-12). Suppose -407 = -2*a + g, s = -5*g + 3*g + 2. What are the prime factors of a?
2, 3, 17
Suppose 108 = 44*w - 38*w. List the prime factors of w.
2, 3
What are the prime factors of (-22)/(-275) - (-6898)/25?
2, 3, 23
Suppose -19*t = -10995 + 2141. List the prime factors of t.
2, 233
Let r be ((-57)/15 - -2)/((-15)/50). What are the prime factors of ((-30)/4)/(-5)*260/r?
5, 13
Suppose 5*c - 1298 = n, -52*c + n + 1039 = -48*c. What are the prime factors of c?
7, 37
Let i be (-4)/(4 - (-18)/(-5)). List the prime factors of 55 + 2 - (8 + i).
59
Let z = -356 - -942. List the prime factors of z.
2, 293
Let q(c) = 186*c**2 - 85*c - 13. What are the prime factors of q(5)?
2, 3, 13
Suppose 0 = -2*j - 5*o + 2*o + 527, 4*j = 4*o + 1084. Suppose -6*f + 230 + j = 0. What are the prime factors of f?
83
Suppose -84 = u - 4. Let i = -13 + u. Let l = -48 - i. List the prime factors of l.
3, 5
Let m be 23075/52 - 1/(-4). Suppose -1011 - m = -5*r - 5*t, r - t = 287. List the prime factors of r.
17
Let w(b) = -16*b**3 + b**2 + 10*b + 19. List the prime factors of w(-3).
2, 5, 43
Let m(y) = -y**2 + 5*y. Let u be m(5). What are the prime factors of 1422/54*(1 + 2 - u)?
79
Let m(a) = a**2 - 12*a - 18. Suppose 3*x = -c + 7*x + 37, 2*x = -4. Suppose 2*s = c + 1. What are the prime factors of m(s)?
3
Let z(n) = 12 - 10*n + 4*n**2 + 8*n**2 + 0*n**2 - 10*n**2. List the prime factors of z(9).
2, 3, 7
Let h(k) = 12*k**2 + 4*k - 7. What are the prime factors of h(-7)?
7, 79
Let i(l) = 7*l**2 - 3*l + 27. What are the prime factors of i(10)?
17, 41
Suppose -5*o + 9*o - 17 = -3*q, -q - 3 = -3*o. Suppose -a + 4 = -2*b + 68, 0 = 3*b - o*a - 94. List the prime factors of b.
2, 17
Let o be ((-27)/(-4))/((-3)/(-12)). Let b = -64 - -80. Let j = o - b. What are the prime factors of j?
11
Let c(u) = 2*u**2 + 16*u - 8. Let p be -12 - (-3 - 1/1). Let k be c(p). Let q = 12 + k. What are the prime factors of q?
2
Let d = -61 - -58. List the prime factors of 11/(33/340) - 2/d.
2, 3, 19
Suppose -2*r + 28 = 2*t, -r - 3 = -2*t - 29. Let m = -169 - -238. Suppose -m - r = -3*u. What are the prime factors of u?
29
Suppose 2*y - 11 = -41. Let b = y + 21. Suppose 2*g - b*g = -72. List the prime factors of g.
2, 3
Suppose -5*t + t = -56. Let k = t + -9. Suppose -3*l - 3*r = -87, -k*l - 3*r = -0*l - 141. List the prime factors of l.
3
Suppose -2*k + k + 406 = o, -4*o - 3*k + 1623 = 0. List the prime factors of o.
3, 5
Let v = -2 - 7. Let i be 96 + 3/v*0. Suppose -o + 24 = p, o - 2*p = -3*o + i. What are the prime factors of o?
2, 3
Let y(n) = -n**3 - 3*n**2 + 9*n + 6. Let h be y(-4). Suppose 3*a - a - 16 = 0. What are the prime factors of (-46)/h + a/(-28)?
3
Let n be (3 - 7)/4 + 19. List the prime factors of (7 - (-1992)/n) + 2/6.
2, 59
Suppose 3*y - 4*c = 2098, 0 = -3*y + 2*c + 389 + 1719. What are the prime factors of y?
2, 353
What are the prime factors of (-3 - (1 - 8)) + 138/1?
2, 71
Let l(v) be the third derivative of -3/4*v**4 - 19/6*v**3 + 9*v**2 + 0*v + 0 - 1/60*v**5. What are the prime factors of l(-13)?
2, 23
Let n(d) = -12*d + 20. Let b be n(-6). Let s = -15 + b. What are the prime factors of s?
7, 11
Let l(f) be the third derivative of -7*f**2 - 1/20*f**5 + 0*f + 0 - 1/2*f**3 + 0*f**4 + 1/120*f**6. List the prime factors of l(4).
13
Let c(u) = -247 + 240 + 12*u - u**2 + 3*u**2. What are the prime factors of c(-11)?
103
Let k(f) = -f**3 + 3*f**2 - 3*f + 4. Let v be k(2). Suppose 540 = v*t + 102. List the prime factors of t.
3, 73
Suppose -8 = -3*g - g + 2*b, -4*b = 16. List the prime factors of (2 - g)/(6/114).
2, 19
Suppose 52 = 3*j - 2285. What are the prime factors of j?
19, 41
Suppose -2*r - 387 + 18 = -5*l, 4*l + 3*r = 286. Let q(v) = 5*v**2 - 18*v + 17. Let j be q(7). Let m = j - l. List the prime factors of m.
3, 7
Suppose -16*g = 15*g - 8866. List the prime factors of g.
2, 11, 13
Suppose 6*r = r + u + 705, 0 = -4*u. Suppose 6*f = 9*f - r. List the prime facto